{"id":2,"date":"2022-05-15T15:26:41","date_gmt":"2022-05-15T15:26:41","guid":{"rendered":"https:\/\/sbc-geesthacht.de\/?page_id=2"},"modified":"2025-01-31T11:28:38","modified_gmt":"2025-01-31T11:28:38","slug":"sample-page","status":"publish","type":"page","link":"https:\/\/sbc-geesthacht.de\/?page_id=2","title":{"rendered":"Zwischen Konzert und Liturgie"},"content":{"rendered":"<div data-colibri-id=\"2-c1\" class=\"style-568 style-local-2-c1 position-relative\">\n  <!---->\n  <div data-colibri-component=\"section\" data-colibri-id=\"2-c2\" id=\"about\" class=\"h-section h-section-global-spacing d-flex align-items-lg-center align-items-md-center align-items-center style-573 style-local-2-c2 position-relative\">\n    <!---->\n    <!---->\n    <div class=\"h-section-grid-container h-section-boxed-container\">\n      <!---->\n      <div data-colibri-id=\"2-c3\" class=\"h-row-container gutters-row-lg-0 gutters-row-md-0 gutters-row-0 gutters-row-v-lg-0 gutters-row-v-md-0 gutters-row-v-0 style-574 style-local-2-c3 position-relative\">\n        <!---->\n        <div class=\"h-row justify-content-lg-center justify-content-md-center justify-content-center align-items-lg-stretch align-items-md-stretch align-items-stretch gutters-col-lg-0 gutters-col-md-0 gutters-col-0 gutters-col-v-lg-0 gutters-col-v-md-0 gutters-col-v-0\">\n          <!---->\n          <div class=\"h-column h-column-container d-flex h-col-lg-auto h-col-md-auto h-col-auto style-576-outer style-local-2-c4-outer\">\n            <div data-colibri-id=\"2-c4\" class=\"d-flex h-flex-basis h-column__inner h-px-lg-2 h-px-md-2 h-px-2 v-inner-lg-2 v-inner-md-2 v-inner-2 style-576 style-local-2-c4 position-relative\">\n              <!---->\n              <!---->\n              <div class=\"w-100 h-y-container h-column__content h-column__v-align flex-basis-100 align-self-lg-start align-self-md-start align-self-start\">\n                <!---->\n                <div data-colibri-id=\"2-c5\" class=\"h-global-transition-all h-heading style-578 style-local-2-c5 position-relative h-element\">\n                  <!---->\n                  <div class=\"h-heading__outer style-578 style-local-2-c5\">\n                    <!---->\n                    <!---->\n                    <h2 class=\"\">Der <em style=\"font-family: Playfair Display;\">St. Barbara-Chor<\/em> Geesthacht<\/h2>\n                  <\/div>\n                <\/div>\n                <div data-colibri-id=\"2-c6\" class=\"h-text h-text-component style-579 style-local-2-c6 position-relative h-element\">\n                  <!---->\n                  <!---->\n                  <div class=\"\">\n                    <p>z\u00e4hlt zu den etablierten Konzertch\u00f6ren in Hamburg und Umgebung. Das umfangreiche Repertoire des Chores von fr\u00fcher Barockmusik bis zum 19. Jahrhundert ist auf CD und in zahlreichen Konzerten in den letzten Jahren dokumentiert.<\/p>\n                    <p>Etwa 30 S\u00e4ngerinnen und S\u00e4nger bilden die Kernbesetzung des Chores, die je nach Konzert um Projekts\u00e4ngerinnen und Projekts\u00e4nger erweitert wird. Mit bis zu drei Konzerten und etwa genauso vielen Gottesdiensten pro Jahr markiert der\n                      Chor seinen hohen Anspruch zwischen Konzert und Liturgie.<\/p>\n                  <\/div>\n                <\/div>\n              <\/div>\n            <\/div>\n          <\/div>\n        <\/div>\n      <\/div>\n    <\/div>\n  <\/div>\n<\/div>","protected":false},"excerpt":{"rendered":"<p>Der St. Barbara-Chor Geesthacht z\u00e4hlt zu den etablierten Konzertch\u00f6ren in Hamburg und Umgebung. Das umfangreiche Repertoire des Chores von fr\u00fcher Barockmusik bis zum 19. Jahrhundert ist auf CD und in zahlreichen Konzerten in den letzten Jahren dokumentiert. Etwa 30 S\u00e4ngerinnen und S\u00e4nger bilden die Kernbesetzung des Chores, die je nach Konzert um Projekts\u00e4ngerinnen und Projekts\u00e4nger [&hellip;]<\/p>\n","protected":false},"author":2,"featured_media":0,"parent":0,"menu_order":0,"comment_status":"closed","ping_status":"open","template":"page-templates\/full-width-page.php","meta":{"spay_email":"","footnotes":""},"class_list":["post-2","page","type-page","status-publish","hentry"],"yoast_head":"<!-- This site is optimized with the Yoast SEO plugin v18.8 - https:\/\/yoast.com\/wordpress\/plugins\/seo\/ -->\n<title>Zwischen Konzert und Liturgie - St. Barbara-Chor Geesthacht<\/title>\n<meta name=\"robots\" content=\"index, follow, max-snippet:-1, max-image-preview:large, max-video-preview:-1\" \/>\n<link rel=\"canonical\" href=\"https:\/\/sbc-geesthacht.de\/?page_id=2\" \/>\n<meta property=\"og:locale\" content=\"de_DE\" \/>\n<meta property=\"og:type\" content=\"article\" \/>\n<meta property=\"og:title\" content=\"Zwischen Konzert und Liturgie - St. Barbara-Chor Geesthacht\" \/>\n<meta property=\"og:description\" content=\"Der St. Barbara-Chor Geesthacht z\u00e4hlt zu den etablierten Konzertch\u00f6ren in Hamburg und Umgebung. Das umfangreiche Repertoire des Chores von fr\u00fcher Barockmusik bis zum 19. Jahrhundert ist auf CD und in zahlreichen Konzerten in den letzten Jahren dokumentiert. Etwa 30 S\u00e4ngerinnen und S\u00e4nger bilden die Kernbesetzung des Chores, die je nach Konzert um Projekts\u00e4ngerinnen und Projekts\u00e4nger [&hellip;]\" \/>\n<meta property=\"og:url\" content=\"https:\/\/sbc-geesthacht.de\/?page_id=2\" \/>\n<meta property=\"og:site_name\" content=\"St. Barbara-Chor Geesthacht\" \/>\n<meta property=\"article:modified_time\" content=\"2025-01-31T11:28:38+00:00\" \/>\n<meta name=\"twitter:card\" content=\"summary_large_image\" \/>\n<script type=\"application\/ld+json\" class=\"yoast-schema-graph\">{\"@context\":\"https:\/\/schema.org\",\"@graph\":[{\"@type\":\"WebSite\",\"@id\":\"https:\/\/sbc-geesthacht.de\/#website\",\"url\":\"https:\/\/sbc-geesthacht.de\/\",\"name\":\"St. Barbara-Chor Geesthacht\",\"description\":\"Geesthacht\",\"potentialAction\":[{\"@type\":\"SearchAction\",\"target\":{\"@type\":\"EntryPoint\",\"urlTemplate\":\"https:\/\/sbc-geesthacht.de\/?s={search_term_string}\"},\"query-input\":\"required name=search_term_string\"}],\"inLanguage\":\"de\"},{\"@type\":\"WebPage\",\"@id\":\"https:\/\/sbc-geesthacht.de\/?page_id=2#webpage\",\"url\":\"https:\/\/sbc-geesthacht.de\/?page_id=2\",\"name\":\"Zwischen Konzert und Liturgie - St. Barbara-Chor Geesthacht\",\"isPartOf\":{\"@id\":\"https:\/\/sbc-geesthacht.de\/#website\"},\"datePublished\":\"2022-05-15T15:26:41+00:00\",\"dateModified\":\"2025-01-31T11:28:38+00:00\",\"breadcrumb\":{\"@id\":\"https:\/\/sbc-geesthacht.de\/?page_id=2#breadcrumb\"},\"inLanguage\":\"de\",\"potentialAction\":[{\"@type\":\"ReadAction\",\"target\":[\"https:\/\/sbc-geesthacht.de\/?page_id=2\"]}]},{\"@type\":\"BreadcrumbList\",\"@id\":\"https:\/\/sbc-geesthacht.de\/?page_id=2#breadcrumb\",\"itemListElement\":[{\"@type\":\"ListItem\",\"position\":1,\"name\":\"Startseite\",\"item\":\"https:\/\/sbc-geesthacht.de\/\"},{\"@type\":\"ListItem\",\"position\":2,\"name\":\"Zwischen Konzert und Liturgie\"}]}]}<\/script>\n<!-- \/ Yoast SEO plugin. -->","yoast_head_json":{"title":"Zwischen Konzert und Liturgie - St. Barbara-Chor Geesthacht","robots":{"index":"index","follow":"follow","max-snippet":"max-snippet:-1","max-image-preview":"max-image-preview:large","max-video-preview":"max-video-preview:-1"},"canonical":"https:\/\/sbc-geesthacht.de\/?page_id=2","og_locale":"de_DE","og_type":"article","og_title":"Zwischen Konzert und Liturgie - St. Barbara-Chor Geesthacht","og_description":"Der St. Barbara-Chor Geesthacht z\u00e4hlt zu den etablierten Konzertch\u00f6ren in Hamburg und Umgebung. Das umfangreiche Repertoire des Chores von fr\u00fcher Barockmusik bis zum 19. Jahrhundert ist auf CD und in zahlreichen Konzerten in den letzten Jahren dokumentiert. Etwa 30 S\u00e4ngerinnen und S\u00e4nger bilden die Kernbesetzung des Chores, die je nach Konzert um Projekts\u00e4ngerinnen und Projekts\u00e4nger [&hellip;]","og_url":"https:\/\/sbc-geesthacht.de\/?page_id=2","og_site_name":"St. Barbara-Chor Geesthacht","article_modified_time":"2025-01-31T11:28:38+00:00","twitter_card":"summary_large_image","schema":{"@context":"https:\/\/schema.org","@graph":[{"@type":"WebSite","@id":"https:\/\/sbc-geesthacht.de\/#website","url":"https:\/\/sbc-geesthacht.de\/","name":"St. Barbara-Chor Geesthacht","description":"Geesthacht","potentialAction":[{"@type":"SearchAction","target":{"@type":"EntryPoint","urlTemplate":"https:\/\/sbc-geesthacht.de\/?s={search_term_string}"},"query-input":"required name=search_term_string"}],"inLanguage":"de"},{"@type":"WebPage","@id":"https:\/\/sbc-geesthacht.de\/?page_id=2#webpage","url":"https:\/\/sbc-geesthacht.de\/?page_id=2","name":"Zwischen Konzert und Liturgie - St. Barbara-Chor Geesthacht","isPartOf":{"@id":"https:\/\/sbc-geesthacht.de\/#website"},"datePublished":"2022-05-15T15:26:41+00:00","dateModified":"2025-01-31T11:28:38+00:00","breadcrumb":{"@id":"https:\/\/sbc-geesthacht.de\/?page_id=2#breadcrumb"},"inLanguage":"de","potentialAction":[{"@type":"ReadAction","target":["https:\/\/sbc-geesthacht.de\/?page_id=2"]}]},{"@type":"BreadcrumbList","@id":"https:\/\/sbc-geesthacht.de\/?page_id=2#breadcrumb","itemListElement":[{"@type":"ListItem","position":1,"name":"Startseite","item":"https:\/\/sbc-geesthacht.de\/"},{"@type":"ListItem","position":2,"name":"Zwischen Konzert und Liturgie"}]}]}},"_links":{"self":[{"href":"https:\/\/sbc-geesthacht.de\/index.php?rest_route=\/wp\/v2\/pages\/2","targetHints":{"allow":["GET"]}}],"collection":[{"href":"https:\/\/sbc-geesthacht.de\/index.php?rest_route=\/wp\/v2\/pages"}],"about":[{"href":"https:\/\/sbc-geesthacht.de\/index.php?rest_route=\/wp\/v2\/types\/page"}],"author":[{"embeddable":true,"href":"https:\/\/sbc-geesthacht.de\/index.php?rest_route=\/wp\/v2\/users\/2"}],"replies":[{"embeddable":true,"href":"https:\/\/sbc-geesthacht.de\/index.php?rest_route=%2Fwp%2Fv2%2Fcomments&post=2"}],"version-history":[{"count":16,"href":"https:\/\/sbc-geesthacht.de\/index.php?rest_route=\/wp\/v2\/pages\/2\/revisions"}],"predecessor-version":[{"id":891,"href":"https:\/\/sbc-geesthacht.de\/index.php?rest_route=\/wp\/v2\/pages\/2\/revisions\/891"}],"wp:attachment":[{"href":"https:\/\/sbc-geesthacht.de\/index.php?rest_route=%2Fwp%2Fv2%2Fmedia&parent=2"}],"curies":[{"name":"wp","href":"https:\/\/api.w.org\/{rel}","templated":true}]}}

<div data-colibri-id="2-c1" class="style-568 style-local-2-c1 position-relative">
  <!---->
  <div data-colibri-component="section" data-colibri-id="2-c2" id="about" class="h-section h-section-global-spacing d-flex align-items-lg-center align-items-md-center align-items-center style-573 style-local-2-c2 position-relative">
    <!---->
    <!---->
    <div class="h-section-grid-container h-section-boxed-container">
      <!---->
      <div data-colibri-id="2-c3" class="h-row-container gutters-row-lg-0 gutters-row-md-0 gutters-row-0 gutters-row-v-lg-0 gutters-row-v-md-0 gutters-row-v-0 style-574 style-local-2-c3 position-relative">
        <!---->
        <div class="h-row justify-content-lg-center justify-content-md-center justify-content-center align-items-lg-stretch align-items-md-stretch align-items-stretch gutters-col-lg-0 gutters-col-md-0 gutters-col-0 gutters-col-v-lg-0 gutters-col-v-md-0 gutters-col-v-0">
          <!---->
          <div class="h-column h-column-container d-flex h-col-lg-auto h-col-md-auto h-col-auto style-576-outer style-local-2-c4-outer">
            <div data-colibri-id="2-c4" class="d-flex h-flex-basis h-column__inner h-px-lg-2 h-px-md-2 h-px-2 v-inner-lg-2 v-inner-md-2 v-inner-2 style-576 style-local-2-c4 position-relative">
              <!---->
              <!---->
              <div class="w-100 h-y-container h-column__content h-column__v-align flex-basis-100 align-self-lg-start align-self-md-start align-self-start">
                <!---->
                <div data-colibri-id="2-c5" class="h-global-transition-all h-heading style-578 style-local-2-c5 position-relative h-element">
                  <!---->
                  <div class="h-heading__outer style-578 style-local-2-c5">
                    <!---->
                    <!---->
                    <h2 class="">Der <em style="font-family: Playfair Display;">St. Barbara-Chor</em> Geesthacht</h2>
                  </div>
                </div>
                <div data-colibri-id="2-c6" class="h-text h-text-component style-579 style-local-2-c6 position-relative h-element">
                  <!---->
                  <!---->
                  <div class="">
                    <p>zählt zu den etablierten Konzertchören in Hamburg und Umgebung. Das umfangreiche Repertoire des Chores von früher Barockmusik bis zum 19. Jahrhundert ist auf CD und in zahlreichen Konzerten in den letzten Jahren dokumentiert.</p>
                    <p>Etwa 30 Sängerinnen und Sänger bilden die Kernbesetzung des Chores, die je nach Konzert um Projektsängerinnen und Projektsänger erweitert wird. Mit bis zu drei Konzerten und etwa genauso vielen Gottesdiensten pro Jahr markiert der
                      Chor seinen hohen Anspruch zwischen Konzert und Liturgie.</p>
                  </div>
                </div>
              </div>
            </div>
          </div>
        </div>
      </div>
    </div>
  </div>
</div>

<p>Der St. Barbara-Chor Geesthacht zählt zu den etablierten Konzertchören in Hamburg und Umgebung. Das umfangreiche Repertoire des Chores von früher Barockmusik bis zum 19. Jahrhundert ist auf CD und in zahlreichen Konzerten in den letzten Jahren dokumentiert. Etwa 30 Sängerinnen und Sänger bilden die Kernbesetzung des Chores, die je nach Konzert um Projektsängerinnen und Projektsänger [&hellip;]</p>

<!-- This site is optimized with the Yoast SEO plugin v18.8 - https://yoast.com/wordpress/plugins/seo/ -->
<title>Zwischen Konzert und Liturgie - St. Barbara-Chor Geesthacht</title>
<meta name="robots" content="index, follow, max-snippet:-1, max-image-preview:large, max-video-preview:-1" />
<link rel="canonical" href="https://sbc-geesthacht.de/?page_id=2" />
<meta property="og:locale" content="de_DE" />
<meta property="og:type" content="article" />
<meta property="og:title" content="Zwischen Konzert und Liturgie - St. Barbara-Chor Geesthacht" />
<meta property="og:description" content="Der St. Barbara-Chor Geesthacht zählt zu den etablierten Konzertchören in Hamburg und Umgebung. Das umfangreiche Repertoire des Chores von früher Barockmusik bis zum 19. Jahrhundert ist auf CD und in zahlreichen Konzerten in den letzten Jahren dokumentiert. Etwa 30 Sängerinnen und Sänger bilden die Kernbesetzung des Chores, die je nach Konzert um Projektsängerinnen und Projektsänger [&hellip;]" />
<meta property="og:url" content="https://sbc-geesthacht.de/?page_id=2" />
<meta property="og:site_name" content="St. Barbara-Chor Geesthacht" />
<meta property="article:modified_time" content="2025-01-31T11:28:38+00:00" />
<meta name="twitter:card" content="summary_large_image" />
<script type="application/ld+json" class="yoast-schema-graph">{"@context":"https://schema.org","@graph":[{"@type":"WebSite","@id":"https://sbc-geesthacht.de/#website","url":"https://sbc-geesthacht.de/","name":"St. Barbara-Chor Geesthacht","description":"Geesthacht","potentialAction":[{"@type":"SearchAction","target":{"@type":"EntryPoint","urlTemplate":"https://sbc-geesthacht.de/?s={search_term_string}"},"query-input":"required name=search_term_string"}],"inLanguage":"de"},{"@type":"WebPage","@id":"https://sbc-geesthacht.de/?page_id=2#webpage","url":"https://sbc-geesthacht.de/?page_id=2","name":"Zwischen Konzert und Liturgie - St. Barbara-Chor Geesthacht","isPartOf":{"@id":"https://sbc-geesthacht.de/#website"},"datePublished":"2022-05-15T15:26:41+00:00","dateModified":"2025-01-31T11:28:38+00:00","breadcrumb":{"@id":"https://sbc-geesthacht.de/?page_id=2#breadcrumb"},"inLanguage":"de","potentialAction":[{"@type":"ReadAction","target":["https://sbc-geesthacht.de/?page_id=2"]}]},{"@type":"BreadcrumbList","@id":"https://sbc-geesthacht.de/?page_id=2#breadcrumb","itemListElement":[{"@type":"ListItem","position":1,"name":"Startseite","item":"https://sbc-geesthacht.de/"},{"@type":"ListItem","position":2,"name":"Zwischen Konzert und Liturgie"}]}]}</script>
<!-- / Yoast SEO plugin. -->

Der St. Barbara-Chor Geesthacht zählt zu den etablierten Konzertchören in Hamburg und Umgebung. Das umfangreiche Repertoire des Chores von früher Barockmusik bis zum 19. Jahrhundert ist auf CD und in zahlreichen Konzerten in den letzten Jahren dokumentiert. Etwa 30 Sängerinnen und Sänger bilden die Kernbesetzung des Chores, die je nach Konzert um Projektsängerinnen und Projektsänger [&hellip;]
